{"id":128,"date":"2015-04-13T11:41:01","date_gmt":"2015-04-13T14:41:01","guid":{"rendered":"http:\/\/www.maintainpower.cl\/web\/?page_id=128"},"modified":"2015-04-27T12:17:51","modified_gmt":"2015-04-27T15:17:51","slug":"que-es-el-biogas","status":"publish","type":"page","link":"http:\/\/maintainpower.cl\/web\/?page_id=128","title":{"rendered":"Biog\u00e1s \u00bfQue es?"},"content":{"rendered":"<p style=\"text-align: justify;\"><span style=\"font-family: tahoma, arial, helvetica, sans-serif; font-size: 12pt;\">El biog\u00e1s es un gas combustible con alto contenido energ\u00e9tico que se genera en forma natural a partir de la descomposici\u00f3n anaer\u00f3bica, en ausencia de oxigeno, de la materia org\u00e1nica. Esta descomposici\u00f3n es llevada a cabo mediante la acci\u00f3n de microorganismos, adem\u00e1s de otros factores que afectan el volumen de producci\u00f3n. Con el fin de hacer m\u00e1s eficiente este proceso, este se realiza\u00a0en biodigestores especialmente dise\u00f1ados donde es posible controlar la presi\u00f3n y la temperatura, con el fin de optimizar lo producci\u00f3n de biog\u00e1s y tambi\u00e9n poder aumentar su calidad.<\/span><\/p>\n<p style=\"text-align: justify;\"><span style=\"font-family: tahoma, arial, helvetica, sans-serif; font-size: 12pt;\">El producto resultante es una mezcla compuesta, b\u00e1sicamente\u00a0por metano (CH<sub>4<\/sub>) en una proporci\u00f3n que oscila entre un 50 y un 70% en volumen, y di\u00f3xido de carbono (CO<sub>2<\/sub>), conteniendo peque\u00f1as proporciones de otros gases como hidr\u00f3geno (H<sub>2<\/sub>), nitr\u00f3geno (N<sub>2<\/sub>), ox\u00edgeno (O<sub>2<\/sub>) y sulfuro de hidr\u00f3geno (H<sub>2<\/sub>S).<\/span><\/p>\n<p style=\"text-align: justify;\"><span style=\"font-family: tahoma, arial, helvetica, sans-serif; font-size: 12pt;\">El biog\u00e1s con 70% de metano y 30% de CO<sub>2<\/sub>, tiene como promedio un poder calor\u00edfico de unas 6.000 kilocalor\u00edas por metro c\u00fabico (kcal\/m\u00b3).<\/span><\/p>\n<div id=\"attachment_159\" style=\"width: 531px\" class=\"wp-caption aligncenter\"><img loading=\"lazy\" decoding=\"async\" aria-describedby=\"caption-attachment-159\" class=\"wp-image-159 size-full\" title=\"Equivalencias del biog\u00e1s con otros combustibles\" src=\"http:\/\/maintainpower.cl\/web\/wp-content\/uploads\/2015\/04\/Equivalencias.png\" alt=\"Equivalencias biog\u00e1s\" width=\"521\" height=\"422\" srcset=\"http:\/\/maintainpower.cl\/web\/wp-content\/uploads\/2015\/04\/Equivalencias.png 521w, http:\/\/maintainpower.cl\/web\/wp-content\/uploads\/2015\/04\/Equivalencias-420x340.png 420w\" sizes=\"(max-width: 521px) 100vw, 521px\" \/><p id=\"caption-attachment-159\" class=\"wp-caption-text\"><span style=\"font-family: tahoma, arial, helvetica, sans-serif; font-size: 8pt;\">Equivalencia del biog\u00e1s con otros combustibles.<\/span><\/p><\/div>\n<p><span style=\"font-family: tahoma, arial, helvetica, sans-serif; font-size: 12pt;\">Este gas se puede utilizar como combustible para generar electricidad y calor\u00a0mediante turbinas o <a title=\"Planta de biog\u00e1s\" href=\"http:\/\/www.maintainpower.cl\/web\/?page_id=136\">plantas generadoras<\/a> a gas con sistemas de cogeneraci\u00f3n, y tambi\u00e9n como combustible en hornos, estufas, secadores, calderas u otros sistemas de\u00a0combusti\u00f3n a gas, debidamente adaptados para tal efecto.<\/span><\/p>\n","protected":false},"excerpt":{"rendered":"<p>El biog\u00e1s es un gas combustible con alto contenido energ\u00e9tico que se genera en forma natural a partir de la descomposici\u00f3n anaer\u00f3bica, en ausencia de oxigeno, de la materia org\u00e1nica. Esta descomposici\u00f3n es llevada a cabo mediante la acci\u00f3n de microorganismos, adem\u00e1s de otros factores que afectan el volumen de producci\u00f3n. Con el fin de&#8230; <\/p>\n","protected":false},"author":2,"featured_media":0,"parent":34,"menu_order":0,"comment_status":"closed","ping_status":"closed","template":"template-full-width.php","meta":{"footnotes":""},"_links":{"self":[{"href":"http:\/\/maintainpower.cl\/web\/index.php?rest_route=\/wp\/v2\/pages\/128"}],"collection":[{"href":"http:\/\/maintainpower.cl\/web\/index.php?rest_route=\/wp\/v2\/pages"}],"about":[{"href":"http:\/\/maintainpower.cl\/web\/index.php?rest_route=\/wp\/v2\/types\/page"}],"author":[{"embeddable":true,"href":"http:\/\/maintainpower.cl\/web\/index.php?rest_route=\/wp\/v2\/users\/2"}],"replies":[{"embeddable":true,"href":"http:\/\/maintainpower.cl\/web\/index.php?rest_route=%2Fwp%2Fv2%2Fcomments&post=128"}],"version-history":[{"count":2,"href":"http:\/\/maintainpower.cl\/web\/index.php?rest_route=\/wp\/v2\/pages\/128\/revisions"}],"predecessor-version":[{"id":315,"href":"http:\/\/maintainpower.cl\/web\/index.php?rest_route=\/wp\/v2\/pages\/128\/revisions\/315"}],"up":[{"embeddable":true,"href":"http:\/\/maintainpower.cl\/web\/index.php?rest_route=\/wp\/v2\/pages\/34"}],"wp:attachment":[{"href":"http:\/\/maintainpower.cl\/web\/index.php?rest_route=%2Fwp%2Fv2%2Fmedia&parent=128"}],"curies":[{"name":"wp","href":"https:\/\/api.w.org\/{rel}","templated":true}]}}