{"id":8,"date":"2015-04-09T12:54:41","date_gmt":"2015-04-09T15:54:41","guid":{"rendered":"http:\/\/maintainpower.cl\/web\/?page_id=8"},"modified":"2015-04-29T11:00:29","modified_gmt":"2015-04-29T14:00:29","slug":"motores-transmisiones-y-repuestos","status":"publish","type":"page","link":"http:\/\/maintainpower.cl\/web\/?page_id=8","title":{"rendered":"Productos"},"content":{"rendered":"<p style=\"text-align: justify;\"><span style=\"font-family: tahoma, arial, helvetica, sans-serif; font-size: 12pt;\">Maintain Power pone a su disposici\u00f3n un linea de productos que nos permite abastecer un amplio rango de empresas, ya sea del sector construcci\u00f3n, miner\u00eda, celulosa, energ\u00eda, etc.<\/span><\/p>\n<p style=\"text-align: justify;\"><span style=\"font-family: tahoma, arial, helvetica, sans-serif; font-size: 12pt;\">Los productos que nuestras representadas y asociadas ofrecen, cuentan con garant\u00eda, servicio t\u00e9cnico y apoyo post-venta para ayudar a nuestros clientes a reducir el costo de posesi\u00f3n de sus equipos y as\u00ed, mejorar la rentabilidad de sus procesos y proyectos.<\/span><\/p>\n<p style=\"text-align: justify;\"><span style=\"font-family: tahoma, arial, helvetica, sans-serif; font-size: 12pt;\">Nuestros\u00a0productos se pueden dividir en 4 lineas principales:<\/span><\/p>\n<ul style=\"text-align: justify;\">\n<li style=\"text-align: justify;\"><span style=\"font-family: tahoma, arial, helvetica, sans-serif; font-size: 12pt;\"><a href=\"http:\/\/maintainpower.cl\/web\/?page_id=36\">Aire comprimido industrial<\/a>, donde encontrar\u00e1 compresores,secadores y sistemas de redes de aire.<\/span><\/li>\n<li style=\"text-align: justify;\"><span style=\"font-family: tahoma, arial, helvetica, sans-serif; font-size: 12pt;\"><a href=\"http:\/\/maintainpower.cl\/web\/?page_id=38\">Martillos hidr\u00e1ulicos<\/a> SMT de la gama peque\u00f1a, media y alta para equipos portadores de hasta 45 toneladas.<\/span><\/li>\n<li style=\"text-align: justify;\"><span style=\"font-family: tahoma, arial, helvetica, sans-serif; font-size: 12pt;\"><a href=\"http:\/\/maintainpower.cl\/web\/?page_id=25\">Motores y transmisiones<\/a>\u00a0para aplicaciones industriales, automotriz o marinas.<\/span><\/li>\n<li style=\"text-align: justify;\"><span style=\"font-family: tahoma, arial, helvetica, sans-serif; font-size: 12pt;\"><a href=\"http:\/\/maintainpower.cl\/web\/?page_id=40\">V\u00e1lvulas especiales<\/a> con un amplio rango de marcas y modelos, para cubrir sus requerimientos y ofrecer el producto m\u00e1s adecuado para su aplicaci\u00f3n.<\/span><\/li>\n<\/ul>\n<p style=\"text-align: justify;\"><span style=\"font-family: tahoma, arial, helvetica, sans-serif; font-size: 12pt;\"><a href=\"http:\/\/maintainpower.cl\/web\/wp-content\/uploads\/2015\/04\/Productos-chicos.jpg\"><img loading=\"lazy\" decoding=\"async\" class=\"  wp-image-359 aligncenter\" src=\"http:\/\/maintainpower.cl\/web\/wp-content\/uploads\/2015\/04\/Productos-chicos-744x299.jpg\" alt=\"Productos chicos\" width=\"615\" height=\"247\" srcset=\"http:\/\/maintainpower.cl\/web\/wp-content\/uploads\/2015\/04\/Productos-chicos-744x299.jpg 744w, http:\/\/maintainpower.cl\/web\/wp-content\/uploads\/2015\/04\/Productos-chicos-420x169.jpg 420w, http:\/\/maintainpower.cl\/web\/wp-content\/uploads\/2015\/04\/Productos-chicos.jpg 755w\" sizes=\"(max-width: 615px) 100vw, 615px\" \/><\/a><\/span><\/p>\n<p style=\"text-align: justify;\"><span style=\"font-family: tahoma, arial, helvetica, sans-serif; font-size: 12pt;\">Si desea recibir una cotizaci\u00f3n o realizar alguna consulta, lo invitamos a contactarnos a <a href=\"mailto:info@maintainpower.cl\">info@maintainpower.cl<\/a>. No dude en hacernos llegar sus consultas.<\/span><\/p>\n","protected":false},"excerpt":{"rendered":"<p>Maintain Power pone a su disposici\u00f3n un linea de productos que nos permite abastecer un amplio rango de empresas, ya sea del sector construcci\u00f3n, miner\u00eda, celulosa, energ\u00eda, etc. Los productos que nuestras representadas y asociadas ofrecen, cuentan con garant\u00eda, servicio t\u00e9cnico y apoyo post-venta para ayudar a nuestros clientes a reducir el costo de posesi\u00f3n&#8230; <\/p>\n","protected":false},"author":1,"featured_media":0,"parent":0,"menu_order":0,"comment_status":"closed","ping_status":"closed","template":"template-full-width.php","meta":{"footnotes":""},"_links":{"self":[{"href":"http:\/\/maintainpower.cl\/web\/index.php?rest_route=\/wp\/v2\/pages\/8"}],"collection":[{"href":"http:\/\/maintainpower.cl\/web\/index.php?rest_route=\/wp\/v2\/pages"}],"about":[{"href":"http:\/\/maintainpower.cl\/web\/index.php?rest_route=\/wp\/v2\/types\/page"}],"author":[{"embeddable":true,"href":"http:\/\/maintainpower.cl\/web\/index.php?rest_route=\/wp\/v2\/users\/1"}],"replies":[{"embeddable":true,"href":"http:\/\/maintainpower.cl\/web\/index.php?rest_route=%2Fwp%2Fv2%2Fcomments&post=8"}],"version-history":[{"count":2,"href":"http:\/\/maintainpower.cl\/web\/index.php?rest_route=\/wp\/v2\/pages\/8\/revisions"}],"predecessor-version":[{"id":361,"href":"http:\/\/maintainpower.cl\/web\/index.php?rest_route=\/wp\/v2\/pages\/8\/revisions\/361"}],"wp:attachment":[{"href":"http:\/\/maintainpower.cl\/web\/index.php?rest_route=%2Fwp%2Fv2%2Fmedia&parent=8"}],"curies":[{"name":"wp","href":"https:\/\/api.w.org\/{rel}","templated":true}]}}